{"id":2200,"date":"2019-10-13T11:20:47","date_gmt":"2019-10-13T11:20:47","guid":{"rendered":"https:\/\/nuovo.hotelquadrifoglio.net\/?page_id=2200"},"modified":"2019-11-16T10:52:55","modified_gmt":"2019-11-16T10:52:55","slug":"sala-congressi-b","status":"publish","type":"page","link":"https:\/\/www.hotelquadrifoglio.net\/?page_id=2200","title":{"rendered":"Sala Convegni B &#8211; 6 Posti"},"content":{"rendered":"\n<p class=\"has-text-align-left\"><img loading=\"lazy\" decoding=\"async\" width=\"600\" height=\"400\" class=\"wp-image-2202\" style=\"width: 600px;\" src=\"https:\/\/www.hotelquadrifoglio.net\/wp-content\/uploads\/2019\/10\/sala-convegni-b.jpg\" alt=\"Sala Congressi B\" srcset=\"https:\/\/www.hotelquadrifoglio.net\/wp-content\/uploads\/2019\/10\/sala-convegni-b.jpg 800w, https:\/\/www.hotelquadrifoglio.net\/wp-content\/uploads\/2019\/10\/sala-convegni-b-300x200.jpg 300w, https:\/\/www.hotelquadrifoglio.net\/wp-content\/uploads\/2019\/10\/sala-convegni-b-768x512.jpg 768w\" sizes=\"auto, (max-width: 600px) 100vw, 600px\" \/><br>Questa sala riunioni, denominata Sala Convegni B, adiacente la Sala Congressi A, \u00e8 ubicata al piano terra e pu\u00f2 ospitare comodamente fino a 6 persone<br>La Sala Convegni B, con i suoi 11 Mq,  \u00e8 la pi\u00f9 adatta per colloqui di  lavoro, selezione di personale e mini showroom.<br>Per questa Sala vengono forniti i seguenti servizi:<br> Aria Condizionata<br> Schermo per Proiezioni<br> Lavagna a fogli mobili<br> Telefono<br> Connessione Wi-Fi free<br> Videoproiettore <\/p>\n","protected":false},"excerpt":{"rendered":"<p>Questa sala riunioni, denominata Sala Convegni B, adiacente la Sala Congressi A, \u00e8 ubicata al piano terra e pu\u00f2 ospitare comodamente fino a 6 personeLa Sala Convegni B, con i suoi 11 Mq, \u00e8 la pi\u00f9 adatta per colloqui di lavoro, selezione di personale e mini showroom.Per questa Sala vengono forniti i seguenti servizi: Aria [&hellip;]<\/p>\n","protected":false},"author":4,"featured_media":0,"parent":0,"menu_order":0,"comment_status":"closed","ping_status":"closed","template":"","meta":{"ngg_post_thumbnail":0,"footnotes":""},"class_list":["post-2200","page","type-page","status-publish","hentry"],"_links":{"self":[{"href":"https:\/\/www.hotelquadrifoglio.net\/index.php?rest_route=\/wp\/v2\/pages\/2200","targetHints":{"allow":["GET"]}}],"collection":[{"href":"https:\/\/www.hotelquadrifoglio.net\/index.php?rest_route=\/wp\/v2\/pages"}],"about":[{"href":"https:\/\/www.hotelquadrifoglio.net\/index.php?rest_route=\/wp\/v2\/types\/page"}],"author":[{"embeddable":true,"href":"https:\/\/www.hotelquadrifoglio.net\/index.php?rest_route=\/wp\/v2\/users\/4"}],"replies":[{"embeddable":true,"href":"https:\/\/www.hotelquadrifoglio.net\/index.php?rest_route=%2Fwp%2Fv2%2Fcomments&post=2200"}],"version-history":[{"count":8,"href":"https:\/\/www.hotelquadrifoglio.net\/index.php?rest_route=\/wp\/v2\/pages\/2200\/revisions"}],"predecessor-version":[{"id":2645,"href":"https:\/\/www.hotelquadrifoglio.net\/index.php?rest_route=\/wp\/v2\/pages\/2200\/revisions\/2645"}],"wp:attachment":[{"href":"https:\/\/www.hotelquadrifoglio.net\/index.php?rest_route=%2Fwp%2Fv2%2Fmedia&parent=2200"}],"curies":[{"name":"wp","href":"https:\/\/api.w.org\/{rel}","templated":true}]}}